and 171?
9
Calculate the greatest common factor of 69 and 3.
3
Calculate the highest common divisor of 5 and 3845.
5
Calculate the greatest common divisor of 3550 and 375.
25
Calculate the greatest common factor of 9272 and 19.
19
Calculate the greatest common divisor of 42 and 10563.
21
What is the highest common divisor of 19 and 969?
19
Calculate the highest common divisor of 847 and 605.
121
What is the greatest common divisor of 108 and 4482?
54
What is the greatest common factor of 559 and 13?
13
What is the highest common divisor of 96 and 2848?
32
Calculate the highest common factor of 96 and 120.
24
Calculate the highest common divisor of 319 and 261.
29
What is the greatest common divisor of 319 and 11?
11
What is the highest common factor of 395 and 158?
79
Calculate the greatest common factor of 150 and 330.
30
What is the greatest common divisor of 19 and 19?
19
What is the highest common factor of 33 and 99?
33
Calculate the greatest common divisor of 380 and 12.
4
What is the greatest common divisor of 10 and 23240?
10
Calculate the highest common factor of 2052 and 135.
27
Calculate the highest common factor of 10 and 326.
2
Calculate the highest common divisor of 312 and 1209.
39
What is the greatest common factor of 14 and 49?
7
What is the greatest common divisor of 68 and 640?
4
What is the greatest common factor of 4726 and 34?
34
Calculate the greatest common divisor of 65 and 13.
13
Calculate the highest common factor of 2156 and 84.
28
What is the highest common divisor of 924 and 23562?
462
Calculate the highest common divisor of 36 and 600.
12
What is the greatest common divisor of 836 and 152?
76
What is the highest common divisor of 605 and 110?
55
Calculate the greatest common factor of 365 and 73.
73
What is the highest common factor of 4 and 164?
4
Calculate the highest common factor of 220 and 6655.
55
Calculate the greatest common factor of 90 and 5085.
45
What is the greatest common factor of 775 and 275?
25
Calculate the highest common factor of 10 and 130.
10
What is the highest common factor of 2509 and 14282?
193
Calculate the highest common divisor of 33000 and 528.
264
What is the greatest common divisor of 132 and 12?
12
Calculate the greatest common divisor of 29 and 3625.
29
Calculate the greatest common factor of 1380 and 184.
92
What is the highest common factor of 29 and 1247?
29
Calculate the greatest common divisor of 1878 and 78.
6
Calculate the greatest common divisor of 1026 and 54.
54
Calculate the highest common divisor of 120 and 540.
60
Calculate the greatest common divisor of 21 and 133.
7
What is the greatest common divisor of 3675 and 20?
5
What is the highest common divisor of 189 and 14?
7
Calculate the highest common factor of 10 and 45.
5
Calculate the greatest common divisor of 16 and 10.
2
Calculate the highest common factor of 3723 and 34.
17
Calculate the greatest common divisor of 10 and 11790.
10
What is the greatest common divisor of 61925 and 25?
25
Calculate the highest common divisor of 46 and 4.
2
Calculate the greatest common divisor of 594 and 242.
22
What is the greatest common divisor of 5344 and 334?
334
What is the greatest common factor of 5448 and 24?
24
Calculate the highest common divisor of 30 and 15780.
30
Calculate the highest common factor of 5499 and 117.
117
Calculate the highest common factor of 363 and 99.
33
Calculate the greatest common factor of 80 and 640.
80
Calculate the greatest common factor of 319 and 1243.
11
What is the highest common factor of 318 and 222?
6
What is the highest common factor of 40 and 392?
8
Calculate the highest common factor of 20796 and 24.
12
What is the highest common divisor of 126 and 117?
9
What is the highest common divisor of 580 and 80?
20
Calculate the greatest common divisor of 88 and 418.
22
Calculate the highest common divisor of 4774 and 196.
14
Calculate the greatest common factor of 115 and 92.
23
What is the greatest common divisor of 91 and 133?
7
What is the greatest common divisor of 18 and 5766?
6
What is the greatest common factor of 3669 and 6?
3
What is the greatest common divisor of 5 and 1135?
5
What is the greatest common divisor of 13 and 12779?
13
What is the greatest common divisor of 34755 and 105?
105
What is the greatest common factor of 1265 and 55?
55
Calculate the highest common factor of 836 and 88.
44
Calculate the highest common divisor of 423 and 19599.
141
What is the greatest common divisor of 19 and 893?
19
What is the highest common factor of 102 and 6?
6
What is the highest common divisor of 54 and 63?
9
What is the highest common factor of 50 and 240?
10
Calculate the greatest common factor of 9841 and 13.
13
Calculate the highest common factor of 24 and 10536.
24
Calculate the highest common factor of 320 and 1472.
64
Calculate the greatest common factor of 28 and 25088.
28
What is the greatest common divisor of 18 and 279?
9
Calculate the highest common factor of 864 and 32.
32
What is the greatest common factor of 25636 and 104?
52
Calculate the highest common factor of 387 and 207.
9
Calculate the greatest common factor of 590 and 20.
10
Calculate the greatest common divisor of 910 and 65.
65
What is the highest common factor of 21437 and 221?
221
Calculate the highest common factor of 6118 and 38.
38
Calculate the highest common divisor of 837 and 81.
27
Calculate the greatest common divisor of 8 and 1.
1
Calculate the greatest common factor of 261 and 135.
9
What is the highest common divisor of 354 and 590?
118
What is the highest common divisor of 456 and 600?
24
What is the greatest common divisor of 4736 and 256?
128
What is the greatest common divisor of 1798 and 116?
58
What is the greatest common divisor of 858 and 12?
6
What is the highest common factor of 100 and 5975?
25
Calculate the highest common divisor of 10176 and 106.
106
Calculate the highest common factor of 53 and 1007.
53
What is the highest common factor of 2394 and 315?
63
Calculate the highest common factor of 142 and 639.
71
Calculate the greatest common factor of 162 and 900.
18
What is the greatest common factor of 861 and 525?
21
What is the greatest common divisor of 1243 and 11?
11
Calculate the greatest common divisor of 98 and 18.
2
What is the highest common factor of 71400 and 17?
17
Calculate the highest common factor of 10 and 16.
2
What is the highest common divisor of 144 and 18?
18
What is the greatest common divisor of 230 and 10?
10
What is the highest common factor of 216 and 8?
8
What is the greatest common divisor of 32262 and 114?
114
Calculate the highest common divisor of 25 and 10.
5
Calculate the highest common divisor of 216 and 1656.
72
What is the highest common divisor of 12 and 5202?
6
What is the highest common divisor of 276 and 2300?
92
Calculate the greatest common divisor of 45 and 10.
5
Calculate the greatest common divisor of 915 and 30.
15
Calculate the greatest common factor of 3151 and 23.
23
Calculate the greatest common divisor of 979 and 267.
89
Calculate the greatest common factor of 132 and 1716.
132
What is the greatest common divisor of 6471 and 9?
9
What is the highest common divisor of 1845 and 30?
15
What is the greatest common factor of 1421 and 196?
49
What is the highest common divisor of 1127 and 2401?
49
What is the highest common factor of 377 and 29?
29
What is the highest common factor of 37 and 37?
37
Calculate the highest common factor of 33 and 308.
11
What is the highest common divisor of 663 and 78?
39
What is the highest common factor of 168 and 120?
24
What is the greatest common divisor of 46 and 2369?
23
What is the greatest common factor of 19 and 152?
19
What is the greatest common divisor of 3707 and 11?
11
What is the highest common divisor of 182 and 42?
14
Calculate the greatest common divisor of 48 and 456.
24
What is the highest common divisor of 7 and 9?
1
What is the highest common factor of 493 and 34?
17
Calculate the greatest common factor of 3 and 2643.
3
What is the highest common divisor of 105 and 84?
21
What is the greatest common divisor of 115 and 92?
23
Calculate the greatest common divisor of 183 and 6771.
183
What is the greatest common divisor of 380 and 2755?
95
Calculate the greatest common factor of 28